et b be (k/(-19))/(1/2). What is the greatest common divisor of b and 5?
5
Suppose w + 3*b + 17 = -4, b - 137 = 5*w. Let j be -10*(w/5 - -3). Calculate the greatest common divisor of j and 72.
24
Let q(b) = 90*b**3 - b**2 + 3*b - 2. Suppose 10*k = 37 - 27. Let r be q(k). Calculate the greatest common divisor of 18 and r.
18
Let b = -831 + 847. Let v(f) = f**2 + 2*f - 5. Let o be v(-4). Suppose 32 = o*y + 8. What is the greatest common factor of y and b?
8
Let b(v) = 44*v - 3014. Let w be b(70). What is the highest common factor of w and 1716?
66
Let p be (9 - -2 - 4)*1. Suppose z = -0*z + 3*r + p, -2*z = 5*r + 8. Let h be z*12 + (0 - 2)*1. What is the highest common divisor of 30 and h?
10
Let h be (-16 + -2)*3856/72*-42. What is the highest common factor of h and 14?
14
Let m(t) = 1177*t - 3405. Let h be m(3). What is the greatest common divisor of h and 14?
14
Let x be -39*(-368)/120 + 2/5. Suppose -x = -156*u + 144*u. Suppose -5*r - 165 = -8*r. What is the greatest common divisor of r and u?
5
Suppose -130*i = -645*i + 70040. Suppose a - 2*b + 78 = 5*a, -a - 4*b = -37. What is the highest common factor of a and i?
17
Let q = 790 + -789. Let u be -50 - -41 - (-84 + q). Calculate the greatest common factor of u and 2.
2
Let n(f) = -4*f - 32. Let y(j) = -5*j - 35. Let o(l) = -4*n(l) + 3*y(l). Let q be o(-9). Suppose t - 52 = 46. What is the highest common divisor of q and t?
14
Let c(u) = -5*u**2 + 20*u. Let y be c(4). Suppose -2*r - q + 141 = y, -3*r = -12*q + 17*q - 215. Calculate the greatest common divisor of r and 560.
70
Let h(f) = f**3 + 54*f**2 + 46*f - 431. Let v be h(-31). What is the greatest common factor of v and 191?
191
Suppose 2*l - 108 = -5*p - l, 0 = 5*p - 5*l - 100. Let a be (-84)/(-105) - 93/(-15). Calculate the highest common divisor of p and a.
7
Suppose -k + 2*k - 8 = y, -3*k + y + 28 = 0. Let p(q) = 1312*q - 9104. Let g be p(7). Calculate the highest common factor of k and g.
10
Suppose 456 = 54*b - 46*b. Suppose 0 = 48*q - 47*q - 3. Calculate the highest common divisor of q and b.
3
Suppose 0 = -209*d + 192*d + 323. Calculate the greatest common divisor of d and 931.
19
Suppose 0 = -b - 5*t + 2925, 53*b = 58*b - 4*t - 14480. What is the highest common factor of 75 and b?
25
Let p(f) = 522*f + 40. Let t(z) = -174*z - 13. Let n(x) = 3*p(x) + 8*t(x). Let i be n(1). Calculate the greatest common divisor of i and 76.
38
Suppose 10*n + 33200 = -0*n. Let a be 1/4 - n/32. Calculate the highest common divisor of 13 and a.
13
Suppose -3*m = -3*j - 2622, 218*m + 5*j + 3496 = 222*m. What is the highest common factor of m and 950?
38
Suppose -228*t + 33 = -217*t. Suppose -t*y - 12 = -30. What is the greatest common divisor of 4 and y?
2
Let u(l) be the third derivative of 2*l**4 + 35*l**3/6 + l**2 + 19. Let n be u(6). What is the highest common factor of n and 19?
19
Suppose 0 = -163*z + 29081 + 102949. Calculate the highest common factor of z and 216.
54
Suppose 0 = -4*x - 3*d + 159, 4*x = -d + 117 + 40. Suppose 2*t - 4*f = 10, 4*t - 7 = -6*f + f. Let q = x - t. What is the highest common factor of q and 36?
36
Let i be 5 + 1 - 5/((-10)/(-6)). Suppose -39 = -i*b - 15. Calculate the highest common divisor of b and 64.
8
Suppose -6740*l = -6736*l - 72. Let b be (-1 + 5/(-10))*-2 - -13. What is the highest common factor of b and l?
2
Let h be ((-96)/5)/(12/(-20)). Calculate the greatest common factor of 8192 and h.
32
Suppose 3*t + 11*d - 79 = 0, 148 = 3*t + t + 4*d. Let u be (76/5)/((-22)/(-55)). Let x be 6310/14 - u/(-133). Calculate the greatest common factor of x and t.
41
Let x(y) = -y + 32. Let m be x(30). Suppose 0 = -i - k + 2, -m*i - k - 2 = 4*k. What is the highest common factor of 4 and i?
4
Suppose 17*h - 14*h - 6 = 0. Suppose -5*s + f + 52 = 0, -h*s - 4*f + 35 = 1. Calculate the highest common divisor of s and 55.
11
Suppose 479*f = 292*f + 5537070. Calculate the greatest common factor of 282 and f.
282
Suppose 53*o - o - 186528 = -15*o. What is the highest common factor of o and 174?
174
Suppose -318 = -2*a + 2*d, 3*d = -2*a + 211 + 77. Calculate the greatest common divisor of 136 and a.
17
Let t = -105 + 106. Let w = 193 - t. Calculate the greatest common factor of w and 16.
16
Let b(g) = 2482*g**2 - 109*g + 214. Let u be b(2). What is the greatest common divisor of 12 and u?
12
Suppose 27 - 102 = 5*u. Let a be 2*-5*78/u. Suppose -266*p = -270*p + t + 256, -3*p + 2*t + 187 = 0. What is the highest common divisor of a and p?
13
Suppose 4 = -4*y, 5 = z - 4*y - 7. Let j be 0 - (z - 3) - (-46 - 1). Calculate the greatest common factor of 42 and j.
42
Suppose 2*b - 161 + 91 = 0. Suppose 1224 = -b*d + 39*d. What is the highest common divisor of d and 18?
18
Let x(d) = -d**2 + 32*d + 1812. Let y be x(-29). Calculate the highest common divisor of 1075 and y.
43
Let y(c) = 21*c - 81. Let b be y(6). Suppose 5*o = -12 - 3, -3*j = 5*o - b. Calculate the greatest common factor of 60 and j.
20
Let i(k) = -145*k - 1030. Let h be i(-13). What is the greatest common factor of 30 and h?
15
Suppose -42*g = -386*g + 250432. What is the greatest common divisor of g and 1176?
56
Suppose 83*j - 79*j - 520 = -4*k, 4*j = -24. Calculate the greatest common factor of 697 and k.
17
Let f(v) = 2*v**2 + 8*v. Let n = -47 - -48. Let i be (-2)/8 - ((-39)/(-4) - n). Let d be f(i). What is the greatest common factor of 18 and d?
18
Suppose -18*p - 72821 = -117*p - 4*p. What is the highest common divisor of 7 and p?
7
Let o be 2 - (-20 + 2 - -2). Let h(x) = 15*x + 72. Let m be 36/(-10) - 34/85. Let j be h(m). Calculate the greatest common divisor of j and o.
6
Suppose -624 = -57*o + 49*o. Let j(z) = 4*z**3 - 2*z**2 - 5*z + 4. Let p be j(4). Let s = p - o. Calculate the greatest common divisor of 13 and s.
13
Let o(i) = -3*i**3 + 22*i**2 + 8*i + 25. Let a be o(7). Calculate the greatest common divisor of 1495 and a.
65
Let y(w) = -w**2 + 22*w + 3. Let r be y(0). Let i be r - 2*(5 - 4). Calculate the highest common factor of i and 17.
1
Suppose 165 = -n + 4*n + 3*z, 0 = n + 2*z - 58. Suppose n*j - 40*j = 60. What is the highest common divisor of 295 and j?
5
Suppose -c + 17 = -1. Suppose c - 4 = r. Suppose 0 = 2*l - 3*v - 129 - 55, 2*l = -4*v + 212. What is the highest common divisor of r and l?
14
Let h(v) = v**3 + 11*v**2 - v + 142. Let q be h(-10). What is the highest common divisor of q and 812?
28
Let u(h) = -h**2 - 12*h + 10. Let b be u(-12). Suppose 0*c + b*c - 4350 = 0. What is the highest common divisor of c and 30?
15
Let p(y) = -28 + 14 - 6*y + 12. Let u be (1*(0 + -10))/2. Let l be p(u). What is the greatest common divisor of 8 and l?
4
Let g(k) = -11*k + 25. Let o be g(-7). Let t = 257 - o. Suppose -5*a - 5*s = -0*s - t, 0 = 3*a + 5*s - 87. Calculate the highest common factor of 85 and a.
17
Suppose 3*c - 3*a = 36, -2*c - 3*a + 2 = 3. Let o = -5 + 12. Calculate the greatest common divisor of o and c.
7
Let p be (-3)/((-7)/28*3). Suppose d - 230 = -2*t + 6*d, -486 = -p*t - 3*d. What is the highest common divisor of t and 90?
30
Let d(m) = 130*m + 2014. Let k be d(-15). Let b(p) = p + 4. Let i be b(0). Suppose -i*u + k + 20 = 0. Calculate the highest common factor of 14 and u.
7
Suppose 4*j = u + 83 + 849, -4*u + 1144 = 5*j. Calculate the highest common factor of j and 319.
29
Suppose -5*p = -0*n - 3*n - 85, -2*p = -4*n - 34. Suppose 2*v = -0*v + 5*m, -3*m = -2*v. Let y = v + 17. What is the highest common factor of y and p?
17
Let f be (6 - 6) + 24/1. Let h = 34 - f. Let b = 73 + -69. Calculate the highest common divisor of h and b.
2
Let n be 1726/12 + -28 + 2608/96. Calculate the greatest common factor of n and 416.
13
Let v(u) = -u**3 + 10*u**2 + 13*u - 6. Let p be v(11). Let j be 123/123 - -35*5. Calculate the highest common factor of p and j.
16
Suppose -11*k - k + 30606 = -49890. Calculate the greatest common factor of 4 and k.
4
Let s be 9226 + 1 - 465/(-93). Calculate the highest common divisor of 16 and s.
16
Suppose -5*p + 45 = 5*s, -88 + 7 = -4*p + 5*s. What is the highest common factor of p and 910?
14
Let s be (-85)/(-34) + 111/6. Suppose -p + 6 = 2*p. Suppose 0*c + 315 = 3*i + p*c, 5*i - 525 = -5*c. Calculate the greatest common factor of i and s.
21
Let r = -75 + 5. Let h be (-6 - 24/(-5))*980/(-12). Let c = r + h. What is t